 be a(k). What is the units digit of 2*(0 - r/6)?
7
Suppose -3*c = 4*m + 2, 2*m - 2*c + 1 = -7. Let y = 14 - 6. Let o = m + y. What is the units digit of o?
6
Let y = 22 + -16. Let p(q) be the first derivative of q**2/2 - 2*q - 2. What is the units digit of p(y)?
4
Let j be ((-2)/(-3) + 0)*-3. What is the units digit of ((-5)/j)/((-1)/(-2))?
5
Let b(c) = 5*c**3 - 4*c**3 + 3*c**2 - 3 - 11*c**2 + 7*c. Let l be b(7). What is the units digit of (-22)/l*(-9)/(-6)?
1
Suppose -2*v = -0*v + 2. What is the tens digit of ((-3)/v + -2)*20?
2
What is the tens digit of (2 + 103)/3 - 3?
3
Let a = -2 - -46. What is the units digit of a?
4
Suppose 4*a - 3*a = 69. What is the units digit of (1 - a)*(-14)/28?
4
Let q = 68 - 33. What is the tens digit of q?
3
What is the units digit of (-614)/(-3) + 11/33?
5
Let s(w) = -7*w**3 - 21*w**2 - 6*w + 6. Let l(k) = -k**3 - k**2 - k - 1. Let h(a) = -6*l(a) + s(a). What is the tens digit of h(-15)?
1
Let a = -12 - -22. What is the tens digit of a?
1
Let c = 73 + -39. What is the tens digit of c/3*3/2?
1
Let z = 166 + 19. What is the hundreds digit of z?
1
Let m = -10 - -10. Suppose -3*j = -m*j - 57. What is the units digit of j?
9
Let g = 24 - 13. What is the tens digit of g?
1
Let i = 119 - 62. What is the tens digit of i?
5
Suppose -17 = -3*r - 8. What is the units digit of (r + 1)*(2 - 0)?
8
Suppose -3*x = 3*f + 126, -x + 69 = -3*x + f. Let r = 62 + x. Let u = r + -14. What is the units digit of u?
1
What is the tens digit of 489/6 - (-6)/(-4)?
8
Let v(q) = q - 1. Let n be v(3). Let w = -3 + 19. Suppose 7*g - w = 2*g - r, -g - n = -5*r. What is the units digit of g?
3
What is the tens digit of 4/3*39/2?
2
Suppose 3*k + 575 = 4*y + 8*k, k = -y + 143. What is the hundreds digit of y?
1
What is the units digit of 2/(-14) + 736/56?
3
What is the units digit of 4/4*(-305)/(-5)?
1
Suppose 3*y - 15 = 2*t, -2*t - 5 = -4*y + 15. What is the units digit of y?
5
Let m(y) = y**2 + y - 3. What is the tens digit of m(5)?
2
Suppose m + w + 3*w - 40 = 0, -5*w + 74 = 2*m. What is the tens digit of m?
3
Let j = 6 - 40. What is the tens digit of -1*(-1)/1 - j?
3
What is the units digit of 366/8 - 6/8?
5
What is the tens digit of ((-12)/(-18))/(2/243)?
8
Let c be 3/(-3) + -1 + 2. Suppose c = 2*y + 3*p + 2*p + 10, -3*y = -p - 19. Suppose d - 3*v = -y, -3*v + 12 = -0*v. What is the units digit of d?
7
Suppose -d + 4*q + 15 = 0, -68 = -5*d + 5*q + 37. What is the units digit of d?
3
Suppose q + q - g - 2 = 0, 0 = 2*q + 5*g + 10. Let t(s) = s - 3. Let y be t(4). Suppose -d - y + 4 = q. What is the units digit of d?
3
Let v be 9/27 + 22/6. Suppose n - 4*n + 32 = 5*j, -v*j + 22 = 2*n. What is the units digit of n?
9
Let x(k) = k**2 - k - 4. Let y be x(5). Let o = -3 + y. What is the units digit of o?
3
Suppose 0 = -3*u + 5*u. Let o be -4*(0 + u + -1). What is the units digit of 1*2 - (-3 - o)?
9
Let m be 30/9 - 9/27. Let s = 1 - -12. Suppose 4*l + s = 2*o + 43, -2*l = -m*o - 21. What is the units digit of l?
6
Suppose 3*t - 4 = 2. What is the units digit of t?
2
Let o = 3 - 1. Let y = o + 1. What is the units digit of y?
3
Let n(z) = -4*z - 4. Let a(r) be the third derivative of -r**5/60 - r**4/3 - r**3/2 - 3*r**2. Let l be a(-8). What is the units digit of n(l)?
8
Suppose -21*j - 76 = -22*j. What is the units digit of j?
6
Let q = 18 - 13. Suppose 10 = 5*s, 5*s - 20 = 5*o + q. Let p(b) = 2*b**2 + b + 4. What is the units digit of p(o)?
9
Let i = 75 + -69. What is the units digit of i?
6
Let g(r) be the first derivative of r**3/3 + 4*r**2 + 12*r + 1. Let h be (12 + -8)/((-2)/4). What is the tens digit of g(h)?
1
Let r = 6 + -3. Suppose -r*w = -3*q + 21, -5*w = 5*q - 5 + 10. Let p = w - -12. What is the units digit of p?
8
Suppose -c + 1 = 3. What is the units digit of (-65)/(-7) - c/(-7)?
9
Let z(a) = 49*a**2 - 2*a. What is the hundreds digit of z(-2)?
2
Let n(c) = -c**3 + 15*c**2 - 19*c - 9. What is the tens digit of n(12)?
9
Let h(o) = o**3 - 3*o**2 - 2*o + 3. Let q be h(3). What is the units digit of 28/2 + (q - -5)?
6
Suppose -2*i + 2*o = 40, 0 = 5*i - 6*o + 7*o + 124. Let p = 5 - i. What is the tens digit of p?
2
Let p = -18 + 12. What is the units digit of ((-26)/(-3))/((-4)/p)?
3
Suppose -5*o + 3 = -2. Suppose -4*i = 2*r - 72, i = -3*r + 2*r + 41. Suppose 5*a - r = 3*l, 1 = -l - o. What is the units digit of a?
8
Let y(d) = 2*d**2 + 13*d + 3. Let x be y(-9). Suppose -2*b - x = -6*b. Let f = b - 3. What is the units digit of f?
9
Let r = -2 + 8. What is the units digit of r?
6
Let j be 2/8 - (-3)/(-12). Let y be -1*3/6*-4. Suppose -r + y + 3 = j. What is the units digit of r?
5
Let a be 57/(-9) + (-2)/3. Suppose -3*w + 19 - 59 = -2*x, -29 = 2*w + x. Let p = a - w. What is the units digit of p?
7
Suppose 0 = -a + 2*a. Suppose -3*q - q + 20 = a. Suppose -5*t = -3*t - 3*y + 1, -q*t = 3*y - 8. What is the units digit of t?
1
Suppose -48*o + 1771 = -41*o. What is the tens digit of o?
5
Let q be -1*(2 - 6) - 2. Suppose q + 10 = 3*f. What is the units digit of (2 - f) + (-12)/(-3)?
2
Suppose -7*n = 11*n - 1530. What is the tens digit of n?
8
Let z(d) = 12*d**2. Let m = 8 + -9. What is the tens digit of z(m)?
1
Suppose 2*z - 11 = -5. Suppose 4*o - 3*v - 124 - 156 = 0, z*o - 210 = 3*v. Suppose -4*i = i - o. What is the tens digit of i?
1
Let z = -227 - -340. Suppose -4*a + z = v - 31, 2*a - 62 = 2*v. Suppose -5*o + 0 = -a. What is the units digit of o?
7
Let k = 51 + -34. Suppose -k = -3*s - 2. Suppose s*j = j + 84. What is the units digit of j?
1
Let f be ((-20)/(-6))/((-2)/(-3)). Suppose 3*m - 4*p - 13 = p, 0 = 4*m + 2*p. Suppose -c - f = 3*t, -c = 5*t + 10 - m. What is the units digit of c?
1
Let z = 5 - 4. Let k(r) = -r**3 - 5*r**2 + 5*r - 1. Let q be k(-6). Suppose z = -q*c + 26. What is the units digit of c?
5
Let j(w) = -2*w + 22. What is the units digit of j(-13)?
8
Let i(o) = -o**2 - 6*o - 3. Let u be i(-5). Suppose -p + 39 = 5*y, 3*p + u*y = y + 47. What is the units digit of p?
4
Suppose 4*b - 2*h = 20, 4 = 3*h - 2. Suppose b*d = 4*a + d + 4, 3 = -3*a - 3*d. What is the tens digit of (13 - 0) + a + -2?
1
Let o(p) = -6*p + 5. Let m be o(9). Let w be (-12)/(-7) - 14/m. Let r = w - 1. What is the units digit of r?
1
Suppose 84 = 4*d + 5*z - z, -4*z = 12. What is the tens digit of d?
2
Suppose 0*t = 5*t - 85. Suppose -3*u - t = 1. Let d = -2 - u. What is the units digit of d?
4
Let z be (-321)/(-21) + 2/(-7). Suppose -z = 5*k - 10*k. Suppose w = y + k*w - 10, 3*y = 3*w + 39. What is the units digit of y?
2
Let s(n) = -n - 1. Let q be s(-4). Suppose q*h = -2*h. What is the units digit of 3*(h - 2/(-1))?
6
Let u(d) = -d**2 + 9*d - 8. Let p be u(7). Suppose -5*t - 89 = p. What is the units digit of 3/15 + t/(-5)?
4
What is the units digit of -4 + -2 + 177 + (-1 - 1)?
9
Let j = 77 - 58. What is the tens digit of j?
1
Let g(h) = 0*h**2 - 9*h + h**2 - 2*h**2 + 11. Let p be g(-10). Let x = p - -1. What is the units digit of x?
2
Let f = -197 - -372. What is the hundreds digit of f?
1
Let l = -10 - -6. Let s(j) = -j**2 - 7*j + 4. Let q(w) = 2*w**2 + 15*w - 8. Let b(m) = l*q(m) - 9*s(m). What is the units digit of b(-5)?
6
Let b = -46 - -51. What is the units digit of b?
5
Let l = 268 + -117. What is the hundreds digit of l?
1
Let a be (1/3)/(2/18). Suppose 1 + 9 = 2*g, -a*q + 5*g = 19. Suppose -p = h - 7 - q, -h = -p - 3. What is the units digit of h?
6
Suppose -4*g - 6 + 18 = 0. Suppose -6 = -4*f + g*f. What is the units digit of f?
6
Let l = 7 - 3. Let v be 3 + -1*(l - 2). Suppose -3*t + 2 = -v. What is the units digit of t?
1
Let c = 0 + 1. Let j(u) = 1 + c - 7 + 2*u. What is the units digit of j(4)?
3
Suppose 5*x = 3*x + 4. Let j(w) be the second derivative of 5*w**3/6 - w**2/2 - 2*w. What is the units digit of j(x)?
9
Let l(g) = -g**3 + 2*g**2 + 5*g - 3. Let d be l(3). Let q = 4 - d. What is the units digit of q?
1
Let v be 16/(-4) + 0 + -6. What is the tens digit of (148/(-10))/(4/v)?
3
Suppose -70 = 6*g - 526. What is the tens digit of g?
7
Let x(c) = 2*c - 2. Let u be x(3). Let y(w) = w**2 - 5*w - 9. Let i be y(7). Suppose -5*t + 55 = 4*o, -u*t - 5*o - i = -58. What is the units digit of t?
7
Suppose 5*q = u - 0 - 6, -3*u - 2*q + 86 = 0. What is the units digit of u?
6
Let a(z) = z**2 + 4*z - 5. What is the units digit of a(2)?
7
Let 